{"id":447,"date":"2023-10-09T17:54:09","date_gmt":"2023-10-09T17:54:09","guid":{"rendered":"https:\/\/www.keramiksupport.ch\/?page_id=447"},"modified":"2023-10-09T17:56:55","modified_gmt":"2023-10-09T17:56:55","slug":"datenschutz","status":"publish","type":"page","link":"https:\/\/www.keramiksupport.ch\/?page_id=447","title":{"rendered":"Datenschutz"},"content":{"rendered":"<p><strong>auf meiner Homepage<\/strong><\/p>\n<p>Meine Homepage ist rein informativ. Da Ihnen ein Login und ein Eingeben pers\u00f6nlicher Daten nicht m\u00f6glich ist, k\u00f6nnen meinerseits keine Daten gesammelt werden. Ich verwende keine Analyse-Programme.<\/p>\n<p>Bei mehreren vergeblichen Login-Versuchen wird Ihre IP-Adresse gesperrt und gespeichert.<\/p>\n<p>Von mir verwendete Programme und Plugins:<\/p>\n<ul>\n<li>WordPress<\/li>\n<li>WP Security<\/li>\n<li>Classic Editor<\/li>\n<\/ul>\n","protected":false},"excerpt":{"rendered":"<p>auf meiner Homepage Meine Homepage ist rein informativ. Da Ihnen ein Login und ein Eingeben pers\u00f6nlicher Daten nicht m\u00f6glich ist, k\u00f6nnen meinerseits keine Daten gesammelt werden. Ich verwende keine Analyse-Programme. Bei mehreren vergeblichen Login-Versuchen wird Ihre IP-Adresse gesperrt und gespeichert. &hellip; <a href=\"https:\/\/www.keramiksupport.ch\/?page_id=447\">Weiterlesen <span class=\"meta-nav\">&rarr;<\/span><\/a><\/p>\n","protected":false},"author":1,"featured_media":0,"parent":0,"menu_order":3,"comment_status":"closed","ping_status":"closed","template":"","meta":{"footnotes":""},"class_list":["post-447","page","type-page","status-publish","hentry"],"_links":{"self":[{"href":"https:\/\/www.keramiksupport.ch\/index.php?rest_route=\/wp\/v2\/pages\/447","targetHints":{"allow":["GET"]}}],"collection":[{"href":"https:\/\/www.keramiksupport.ch\/index.php?rest_route=\/wp\/v2\/pages"}],"about":[{"href":"https:\/\/www.keramiksupport.ch\/index.php?rest_route=\/wp\/v2\/types\/page"}],"author":[{"embeddable":true,"href":"https:\/\/www.keramiksupport.ch\/index.php?rest_route=\/wp\/v2\/users\/1"}],"replies":[{"embeddable":true,"href":"https:\/\/www.keramiksupport.ch\/index.php?rest_route=%2Fwp%2Fv2%2Fcomments&post=447"}],"version-history":[{"count":1,"href":"https:\/\/www.keramiksupport.ch\/index.php?rest_route=\/wp\/v2\/pages\/447\/revisions"}],"predecessor-version":[{"id":448,"href":"https:\/\/www.keramiksupport.ch\/index.php?rest_route=\/wp\/v2\/pages\/447\/revisions\/448"}],"wp:attachment":[{"href":"https:\/\/www.keramiksupport.ch\/index.php?rest_route=%2Fwp%2Fv2%2Fmedia&parent=447"}],"curies":[{"name":"wp","href":"https:\/\/api.w.org\/{rel}","templated":true}]}}